mmon divisor of z and h.
3
Let g(w) = -2 + 4 + 11*w + 2. Let p be 7 + 1*(-3 - 2). Let u be g(p). Calculate the highest common factor of u and 104.
26
Let m be 3/(3/2) - -52. Let y(f) = f**2 + 9*f - 110. Let w be y(-26). Let k = w + -326. What is the greatest common divisor of k and m?
6
Let h be 8*(-8 + (-7)/(14/(-20) + 0)). Suppose -2*y = -5*t - 119 - 80, 122 = y + 2*t. Calculate the greatest common divisor of h and y.
16
Let l = 9090 - 9039. What is the highest common factor of l and 6001?
17
Suppose -2*p = 2*p - 80. Let n be (-46)/8 - (-7)/(-28). Let k be n - 557/(-3) - (-1)/3. What is the greatest common divisor of p and k?
20
Let r = 915 + -698. Suppose 0 = -v - 4, 0 = 3*p - 5*v + 7*v - r. Calculate the greatest common factor of 50 and p.
25
Let o = -39 + 41. Let b be -26*5/(o - 12). Calculate the highest common factor of 104 and b.
13
Let x = 171 - 125. Suppose 3*i - 4*n - 88 = 0, -i - 6*n = -4*n - x. What is the highest common divisor of i and 468?
36
Let l = -28766 + 28912. Suppose -2*n - 1533 = -5*n. Calculate the greatest common factor of l and n.
73
Suppose r = 3*t + 21912, 210 = -4*t + 178. Calculate the highest common factor of 171 and r.
171
Let w be 379228608/8910 + (-5)/(75/2). Calculate the greatest common divisor of w and 26.
26
Let j = -57 + 59. Let n(g) = g**3 + g**2 - 5*g + 4. Let w be n(2). Suppose -4*y - 2*k = 2*k - 8, -w = 3*k. What is the highest common divisor of y and j?
2
Let b = -50 - -2. Let r be (15 - -6)*b/(-14). Suppose 0 = 2*h + 5*p - 67, 46 + r = 5*h - 4*p. What is the greatest common factor of h and 39?
13
Let z(v) = -2*v**3 + 15*v**2 - 5*v - 5. Let g be z(7). Let q be g - 8 - (-81)/3. What is the highest common divisor of 175 and q?
7
Let m be 56 + (16/(-4))/(-8)*-2. Suppose -3*x - m = -103. Calculate the highest common factor of x and 320.
16
Suppose -4*t = -0*t - 3360. Let s = 408527 + -408503. Calculate the highest common divisor of s and t.
24
Suppose -9*u + 4728 = 87*u - 72. Let p = 379 + -229. What is the greatest common divisor of p and u?
50
Suppose -u = -n - 10730, -3*u + 26*n - 27*n + 32214 = 0. What is the highest common factor of u and 176?
176
Suppose -265*t - 93*t = 160*t - 142968. Let g be 36/(-3)*(0 - 1). What is the greatest common divisor of g and t?
12
Let q = 6274 + -6112. Calculate the highest common divisor of 1098 and q.
18
Let q be (-157)/(7/(-35)*-5). Let f = q + 181. Calculate the highest common divisor of 88 and f.
8
Let q be ((-15)/9)/(2/(-102)). Suppose 4*v + 28 = 32. Let m be (-300)/(-18) + v/3. What is the greatest common factor of q and m?
17
Let w be 3 - (39/(-52))/(2/8). Let r be 4/w + (32/(-12) - -3). What is the highest common divisor of r and 16?
1
Let a be 4*2*(-2)/2. Let j be (-580)/a + (-1)/(-2). Let v = j - 13. Calculate the greatest common factor of v and 24.
12
Let f be (-1 + (4 + -6 - -4))*337. Let t = -329 + f. Calculate the highest common factor of t and 4.
4
Let a = -727 - -438. Let h = a - -297. What is the highest common divisor of 648 and h?
8
Suppose 55*i - 12 = 57*i. Let r be (0 + 504/35)/(i/(-20)). What is the greatest common divisor of 72 and r?
24
Suppose 396 - 406 = 5*g. Let q(k) = 4*k**2 - 16*k - 30. Let j be q(g). What is the highest common factor of 33 and j?
3
Let o(v) = 10*v + 110. Let s be o(-10). Let t = 23 + -18. Let k be 5/(10/(-6)) + t. Calculate the highest common divisor of k and s.
2
Suppose -5*y + 10 = 35. Let j be (-2 - (2 + y))*2 - -230. What is the highest common factor of j and 8?
8
Let c be 1736/84*21/(-2). Let n = 223 + c. What is the greatest common divisor of 9 and n?
3
Let l = 503 - 496. Suppose l*k - 43 = 20. Calculate the greatest common divisor of 9 and k.
9
Let j be (-2)/(-6) + (-670)/(-15). Let g(q) be the first derivative of 17*q**2/2 - 59*q - 101. Let y be g(4). What is the greatest common divisor of j and y?
9
Let i be 22*(-3 - 5)/(-4). Suppose -3*a + v = -854, 0 = -5*a - v + 1083 + 351. Calculate the highest common factor of a and i.
22
Let c(j) = -7*j + 9*j + 105 - 7*j + 0*j. Let x be c(18). What is the highest common factor of 5 and x?
5
Let f(q) = -2*q**3 + q**2 - 3*q - 2. Let v be f(-2). Let k = 162 - 315. Let g = k + 321. Calculate the greatest common divisor of g and v.
24
Let o be 184/7 + 22/(-77). Let q be ((3 + -5)/(-4))/1*o. What is the greatest common factor of 13 and q?
13
Let p = -12244 + 12256. Calculate the greatest common divisor of p and 1218.
6
Suppose 5*a - g - 238 = 0, 0 = 2*a + 3*g - 0*g - 85. Suppose 58*y = a*y + 4862. Calculate the highest common divisor of y and 65.
13
Let b(o) = -o**3 - o**2 - 6*o - 14. Let h be b(0). Let c be (h/30 + 20/(-100))*-6. Calculate the greatest common divisor of 1 and c.
1
Let v(u) = 183*u + 1047. Let h be v(-5). Calculate the highest common divisor of h and 8932.
44
Suppose -3*w - w + 356 = 4*b, 0 = 2*w + b - 181. Let p = -224 + 247. Calculate the greatest common factor of w and p.
23
Let g be 4 - -1 - 10/((-40)/12). Let u be 2 + 0*(-1)/2. Suppose -4*m = -g, u*j - 22 = -3*m + 2*m. Calculate the highest common divisor of 70 and j.
10
Let n = -259 + 267. Let h = -60 + 596. What is the greatest common divisor of h and n?
8
Let l be (5 - (2 - 2)) + (-47)/((-235)/5100). What is the highest common divisor of 50 and l?
25
Let s(f) = 739*f + 376. Let j be s(41). What is the greatest common divisor of 75 and j?
75
Let g(c) = -7*c - 64. Let p be g(-11). Suppose -16*r + p*r = -345. What is the highest common divisor of r and 15?
5
Let i be 267074/(-574) + (-4)/(-14)*1. Let f = i - -537. Calculate the greatest common divisor of 168 and f.
24
Let p(a) = 49*a - 21. Let h be p(2). Let w(g) = 19*g - 100. Let x be w(6). What is the highest common divisor of h and x?
7
Suppose 35 = 6*g + 5. Suppose 5*m = -5, -g*m - 709 = -3*d + 754. Let i be d/10 + (-33)/55. Calculate the greatest common divisor of i and 36.
12
Suppose 5*r - 35 = -3*i, -21 + 28 = -i + 3*r. Suppose -4*v - 2*d + 534 = 0, -d - 645 = -i*v + 40. What is the highest common divisor of v and 8?
8
Suppose u + 14 = 8*u. Let s(a) = -a**2 + 36 + 7*a**u - 2*a - 10*a - 5*a**2. Let w be s(15). Calculate the highest common factor of 9 and w.
9
Let w be (16 - -1076)/(2*(-6)/(-24)). What is the greatest common divisor of w and 504?
168
Let h be ((-5 - -2) + 26/6)*(110 + 4). What is the greatest common divisor of h and 1368?
152
Suppose 89*g - 15*g - 16524 = 47*g. Calculate the highest common factor of 1584 and g.
36
Suppose w - 57 = -54. Suppose -2*g = -4*k + 50, 4*k - w*g - 35 = 2*g. Calculate the greatest common divisor of 15 and k.
15
Let x(a) = 8*a - 1. Let m = -1 - -1. Let f be (1 - m)*(-2)/(-2). Let u be x(f). Calculate the highest common factor of u and 35.
7
Suppose -33*i - 54 = -35*i + 2*g, -5*i + 3*g + 129 = 0. Suppose 0 = 390*v - 389*v - i. Calculate the greatest common factor of 600 and v.
24
Let j(p) = -13*p**2 + 3*p - 3. Let l be j(2). Let o be (-56)/l*(3/6 - -3). Suppose -o*d + 150 = d. Calculate the highest common divisor of d and 90.
30
Let g be 35728/(-132) - 1/3. Let f = 284 + g. What is the highest common divisor of f and 325?
13
Suppose 13*j = 49 - 10. Let o = 10 - 10. Let k = 9 - o. What is the greatest common factor of j and k?
3
Let f be -1 + 0 - -3 - -11. Let l = -103 - -246. Calculate the greatest common divisor of l and f.
13
Let m(k) = 2*k + 51. Suppose 4*p - 8*p - 96 = 0. Let y be m(p). Let t be (y/6*-22)/(1/(-15)). Calculate the greatest common factor of 110 and t.
55
Let j be 965/(-1158) - (-2890)/12. Calculate the greatest common factor of 1060 and j.
20
Let t = -188 - -283. Let l(b) = 34*b + 3. Let c be l(2). Suppose 3*d - 4*d = 4*z - c, -5*d = -3*z + 82. Calculate the highest common divisor of z and t.
19
Let h be (1814/(-4))/(7/14). Let s be 162/810 - ((-6519)/5 + 1). Let u = s + h. Calculate the greatest common divisor of u and 36.
36
Suppose -t + 4*o = -44 + 45, o = 2*t - 33. What is the highest common factor of 1900 and t?
19
Suppose 5*o + 5*p - 295 = 0, -181*o + 3*p - 231 = -185*o. What is the highest common divisor of o and 1530?
18
Let m be (-3)/(-2) - 15/2. Let c be m/15 + 144/10. What is the greatest common divisor of c and 224?
14
Let p = 4097 + -2122. What is the greatest common factor of p and 79?
79
Let p be (0 - -44)/((-4 - -8)/(-12) + 1). What is the greatest common divisor of p and 